
In base 3, what is -112100120 - -22201?
-112000212
In base 8, what is -5 + -151453?
-151460
In base 10, what is -3583 + -24?
-3607
In base 5, what is 32403 - 43?
32310
In base 6, what is -335412 - 12?
-335424
In base 14, what is 3 + 8b97?
8b9a
In base 9, what is -100000 - 6?
-100006
In base 15, what is 430db - -1?
430dc
In base 7, what is -31 - -4235?
4204
In base 11, what is 99 - -18a36?
19024
In base 14, what is -44 - -116?
b2
In base 9, what is -16614 - -3?
-16611
In base 6, what is -10 + 331402?
331352
In base 2, what is -1 + 11001101100100000?
11001101100011111
In base 7, what is -30 + -1561?
-1621
In base 8, what is -4631 + -35?
-4666
In base 7, what is 60 - 40164?
-40104
In base 12, what is -72b56 + -a?
-72b64
In base 6, what is 34 - 205130?
-205052
In base 15, what is -16 + -4c4?
-4da
In base 8, what is 662715 - -6?
662723
In base 4, what is 20010031 + 13?
20010110
In base 6, what is 113 + 1151352?
1151505
In base 9, what is -5872 - -1050?
-4822
In base 15, what is -6 + -196c?
-1973
In base 15, what is 6 - daa6?
-daa0
In base 15, what is 110 + -4b6?
-3a6
In base 14, what is b656 + -29?
b62b
In base 5, what is -13143 - 140?
-13333
In base 6, what is 4 - 210441?
-210433
In base 11, what is -95 + 66?
-2a
In base 7, what is -2 + -161016?
-161021
In base 6, what is -11 - 211310?
-211321
In base 10, what is 17062 + 4?
17066
In base 3, what is 11 - 21012201?
-21012120
In base 16, what is -9f408 + 0?
-9f408
In base 7, what is -2362 - -4?
-2355
In base 13, what is -3 - -6b28?
6b25
In base 13, what is -c6565 - 5?
-c656a
In base 2, what is -10000 - -1011001001010?
1011000111010
In base 6, what is 111 + -534?
-423
In base 5, what is -12014021 - 3?
-12014024
In base 2, what is 1 + 11011000111000?
11011000111001
In base 13, what is 118a238 + 4?
118a23c
In base 6, what is 124244 - -5?
124253
In base 8, what is 37 - 4043?
-4004
In base 2, what is 11010100010011100 - -10?
11010100010011110
In base 11, what is -12 - 623?
-635
In base 5, what is 2243032 + -3?
2243024
In base 10, what is -15 + -254994?
-255009
In base 14, what is -8c94 + -5?
-8c99
In base 7, what is -14614 + -6?
-14623
In base 2, what is 10111 - -11111110011?
100000001010
In base 6, what is 123 + 23244?
23411
In base 12, what is -19 + 324?
307
In base 10, what is -173 - 89?
-262
In base 13, what is -7 - ba90?
-ba97
In base 4, what is -1302110 - 20?
-1302130
In base 2, what is -11000100100 + 10101110111?
-10101101
In base 11, what is -33364 - 4?
-33368
In base 5, what is -304342 - -10?
-304332
In base 2, what is 11001011 - -1000001111010?
1000101000101
In base 5, what is -21340 + -1423?
-23313
In base 4, what is 31000032 - 13?
31000013
In base 13, what is 10214 + 0?
10214
In base 3, what is 11102111 - 11?
11102100
In base 15, what is -5e2b + -a?
-5e36
In base 10, what is 66 - 518?
-452
In base 8, what is 3046 + 20?
3066
In base 15, what is -c - -e890?
e883
In base 12, what is 1b16 + -180?
1956
In base 10, what is 178519 - 1?
178518
In base 12, what is 100024 + 5?
100029
In base 4, what is 2330 - -112303?
121233
In base 4, what is -33120 - 3033?
-102213
In base 7, what is -2 - -30046?
30044
In base 11, what is -18179 + 2?
-18177
In base 4, what is -2300311222 + -10?
-2300311232
In base 2, what is 1001001010000111 + 1001?
1001001010010000
In base 6, what is -3320 - -1532?
-1344
In base 2, what is -100011000110011 - -11011?
-100011000011000
In base 7, what is 530312 - -1?
530313
In base 3, what is -10001 + 1101011?
1021010
In base 2, what is -10110010001111110 - -1?
-10110010001111101
In base 10, what is 1356 - 40?
1316
In base 8, what is 16 + -760610?
-760572
In base 8, what is -4 - 300400?
-300404
In base 10, what is -5 - 506624?
-506629
In base 7, what is -21620 + -6?
-21626
In base 4, what is 2122300 - 21?
2122213
In base 15, what is -4 - 27cc?
-27d1
In base 13, what is -9 + 7ca7?
7c9b
In base 10, what is -1 + -469?
-470
In base 11, what is -15 - -18323?
18309
In base 7, what is -1 + -2642440?
-2642441
In base 2, what is 1011111111110 + -100?
1011111111010
In base 10, what is 5381 + -34?
5347
In base 16, what is -3dd3 - 29?
-3dfc
In base 3, what is 1211 + 2220200221?
2220202202
In base 5, what is -13042 - -312?
-12230
In base 3, what is -11021 - 20000200?
-20011221
In base 15, what is 1b2e + -176?
19a8
In base 8, what is 7 - -131331?
131340
In base 15, what is 1803 + ad?
18b1
In base 13, what is c8 - -49b4?
4aac
In base 3, what is 2 - -2200102?
2200111
In base 11, what is 9 + 2a90?
2a99
In base 14, what is -400d + 2?
-400b
In base 14, what is -3d49 - 1?
-3d4a
In base 14, what is 1 + 20d84?
20d85
In base 9, what is -30520 + 112?
-30407
In base 3, what is -11 + 200121200?
200121112
In base 7, what is 1152 - -30?
1212
In base 10, what is 3572 - -7?
3579
In base 6, what is -1342231 - -41?
-1342150
In base 13, what is 266 - 2678?
-2412
In base 4, what is 32312 + 213?
33131
In base 11, what is 792855 - 2?
792853
In base 14, what is 21a3 - -9?
21ac
In base 9, what is 1354 + 285?
1650
In base 3, what is 20 + 2212110102?
2212110122
In base 13, what is -4 - 910?
-914
In base 6, what is 20402 - 45?
20313
In base 3, what is 201 - 10121020?
-10120112
In base 8, what is 15512 + -3?
15507
In base 7, what is -624 - 60?
-1014
In base 2, what is -111110010100010 - -10110?
-111110010001100
In base 13, what is -78c0 - 264?
-7b54
In base 16, what is 25a + -428?
-1ce
In base 13, what is 305 + -1384?
-107c
In base 3, what is -221212 + 21201?
-200011
In base 5, what is -1401344 - 2?
-1401401
In base 8, what is 5 + -14721?
-14714
In base 5, what is -24 + -23431422?
-23432001
In base 8, what is -106 - 665?
-773
In base 11, what is -3 - 3323?
-3326
In base 5, what is -24444 + 12?
-24432
In base 14, what is -49525 - a?
-49531
In base 8, what is -71 + 1453?
1362
In base 13, what is -2a7b9 - -5?
-2a7b4
In base 8, what is 5 - 3415761?
-3415754
In base 13, what is 6770b6 + -5?
6770b1
In base 9, what is -82068 + 2?
-82066
In base 15, what is -100c78 + 4?
-100c74
In base 16, what is -6 - a9e8?
-a9ee
In base 5, what is 14 + 300041?
300110
In base 10, what is 10772 - -1?
10773
In base 5, what is 2321 - -220?
3041
In base 9, what is 12868381 - 5?
12868375
In base 7, what is 1 - -155165?
155166
In base 9, what is -235 - 30?
-265
In base 2, what is 101000101111011 + 10?
101000101111101
In base 14, what is 62d55 + -2?
62d53
In base 10, what is 4 - -630312?
630316
In base 2, what is -110001100001101 - -101011?
-110001011100010
In base 7, what is -201603 - 4?
-201610
In base 5, what is 42020 + -203?
41312
In base 2, what is 110100000101011 + -1?
110100000101010
In base 12, what is 17434 + -102?
17332
In base 12, what is 4 - 6557?
-6553
In base 14, what is -212 + -d7?
-309
In base 14, what is -846 - 6a?
-8b2
In base 2, what is 1100111111 + 100110101010?
110011101001
In base 2, what is 1001011 + 100010011?
101011110
In base 10, what is 134 - 1413?
-1279
In base 8, what is -176 + 412?
214
In base 3, what is -10111 + -1112120?
-1200001
In base 5, what is 31 + -1034114?
-1034033
In base 4, what is 11132 + 22212?
100010
In base 13, what is -1b - -553?
535
In base 4, what is -101202011 + 23?
-101201322
In base 7, what is 13302022 - -3?
13302025
In base 15, what is 86 + -41?
45
In base 3, what is 222 - -12000002?
12001001
In base 9, what is -5 - 5018?
-5024
In base 10, what is 109 + -1673?
-1564
In base 11, what is -87 + 8286?
81aa
In base 15, what is 1c - 680?
-663
In base 11, what is 528 + -499?
3a
In base 11, what is -679 - -29?
-650
In base 5, what is -104240313 - 0?
-104240313
In base 12, what is -1b723 + -1?
-1b724
In base 8, what is -50 + -404?
-454
In base 12, what is -5038 - -1?
-5037
In base 5, what is -121 - -10300?
10124
In base 10, what is -3260 + 0?
-3260
In base 16, what is 6f + f9c?
100b
In base 3, what is 2001221 - 110?
2001111
In base 8, what is 34 + 125114?
125150
In base 4, what is 31203 + -2?
31201
In base 5, what is -124113004 + 10?
-124112444
In base 6, what is 4 - 5245505?
-5245501
In base 10, what is -43 + -4932?
-4975
In base 4, what is -122322 - 1020?
-130002
In base 3, what is 10 + 11002201022?
11002201102
In base 12, what is 291ab - 5?
291a6
In base 4, what is -30303 - -302?
-30001
In base 12, what is -2a8a9 - -5?
-2a8a4
In base 14, what is 2d726 + -36?
2d6d0
In base 5, what is -132 + 213430?
213243
In 